{"id":1096,"date":"2021-03-08T10:20:43","date_gmt":"2021-03-08T10:20:43","guid":{"rendered":"https:\/\/price-inter.fr\/?page_id=1096"},"modified":"2021-08-05T11:55:52","modified_gmt":"2021-08-05T09:55:52","slug":"nous-contacter-2","status":"publish","type":"page","link":"https:\/\/price-man.fr\/index.php\/nous-contacter-2\/","title":{"rendered":"Nous contacter"},"content":{"rendered":"<div id=\"pl-1096\"  class=\"panel-layout\" ><div id=\"pg-1096-0\"  class=\"panel-grid panel-no-style\" ><div id=\"pgc-1096-0-0\"  class=\"panel-grid-cell\" ><div id=\"panel-1096-0-0-0\" class=\"so-panel widget widget_black-studio-tinymce widget_black_studio_tinymce panel-first-child\" data-index=\"0\" ><div class=\"contact-price-info featured-widget panel-widget-style panel-widget-style-for-1096-0-0-0\" ><h3 class=\"widget-title\"><span class=\"widget-title__inline\">Contact<\/span><\/h3><div class=\"textwidget\"><p><strong>95 boulevard de magenta<\/strong><br \/>\n75010 Paris<\/p>\n<p>T\u00e9l\u00e9phone :<br \/>\n<a href=\"tel:0187536150\">01-87-53-61-50<\/a><\/p>\n<p>Mail :<br \/>\n<a href=\"mailto:contact@price-man.fr\">contact@price-man.fr<\/a><\/p>\n<\/div><\/div><\/div><div id=\"panel-1096-0-0-1\" class=\"so-panel widget widget_pw_opening_time opening-time panel-last-child\" data-index=\"1\" ><div class=\"horaire-bloc featured-widget panel-widget-style panel-widget-style-for-1096-0-0-1\" >\n\n\t<div class=\"time-table\">\n\n\t\t\t<h3><span class=\"icon icons-ornament-left\"><\/span>Horaires d&#8217;ouverture<span class=\"icon icons-ornament-right\"><\/span><\/h3>\n\n\t\t<div class=\"inner-bg\">\n\t\t\t\t<dl class=\"week-day \">\n\t\t\t\t\t<dt>Monday<\/dt>\n\t\t\t\t\t<dd>8:30\/16:00<\/dd>\n\t\t\t\t<\/dl>\n\t\t\t\t<dl class=\"week-day  light-bg today\">\n\t\t\t\t\t<dt>Tuesday<\/dt>\n\t\t\t\t\t<dd>8:30\/16:00<\/dd>\n\t\t\t\t<\/dl>\n\t\t\t\t<dl class=\"week-day \">\n\t\t\t\t\t<dt>Wednesday<\/dt>\n\t\t\t\t\t<dd>8:30\/16:00<\/dd>\n\t\t\t\t<\/dl>\n\t\t\t\t<dl class=\"week-day  light-bg\">\n\t\t\t\t\t<dt>Thursday<\/dt>\n\t\t\t\t\t<dd>8:30\/16:00<\/dd>\n\t\t\t\t<\/dl>\n\t\t\t\t<dl class=\"week-day \">\n\t\t\t\t\t<dt>Friday<\/dt>\n\t\t\t\t\t<dd>8:30\/16:00<\/dd>\n\t\t\t\t<\/dl>\n\t\t\t\t<dl class=\"week-day  light-bg closed\">\n\t\t\t\t\t<dt>Saturday<\/dt>\n\t\t\t\t\t<dd>Ferm\u00e9<\/dd>\n\t\t\t\t<\/dl>\n\t\t\t\t<dl class=\"week-day  closed\">\n\t\t\t\t\t<dt>Sunday<\/dt>\n\t\t\t\t\t<dd>Ferm\u00e9<\/dd>\n\t\t\t\t<\/dl>\n\t\t<\/div>\n\n\n\t<\/div>\n\n<\/div><\/div><\/div><div id=\"pgc-1096-0-1\"  class=\"panel-grid-cell\" ><div id=\"panel-1096-0-1-0\" class=\"so-panel widget widget_black-studio-tinymce widget_black_studio_tinymce panel-first-child panel-last-child\" data-index=\"2\" ><div class=\"contact-price-us panel-widget-style panel-widget-style-for-1096-0-1-0\" ><h3 class=\"widget-title\"><span class=\"widget-title__inline\">Nous envoyer un mail<\/span><\/h3><div class=\"textwidget\"><p>Contactez notre \u00e9quipe afin de vous apporter une solution personnalis\u00e9e \u00e0 votre besoin.<\/p>\n<p><div role=\"form\" class=\"wpcf7\" id=\"wpcf7-f1273-o1\" lang=\"fr-FR\" dir=\"ltr\">\n<div class=\"screen-reader-response\"><p role=\"status\" aria-live=\"polite\" aria-atomic=\"true\"><\/p> <ul><\/ul><\/div>\n<form action=\"\/index.php\/wp-json\/wp\/v2\/pages\/1096#wpcf7-f1273-o1\" method=\"post\" class=\"wpcf7-form init\" enctype=\"multipart\/form-data\" novalidate=\"novalidate\" data-status=\"init\">\n<div style=\"display: none;\">\n<input type=\"hidden\" name=\"_wpcf7\" value=\"1273\" \/>\n<input type=\"hidden\" name=\"_wpcf7_version\" value=\"5.4.2\" \/>\n<input type=\"hidden\" name=\"_wpcf7_locale\" value=\"fr_FR\" \/>\n<input type=\"hidden\" name=\"_wpcf7_unit_tag\" value=\"wpcf7-f1273-o1\" \/>\n<input type=\"hidden\" name=\"_wpcf7_container_post\" value=\"0\" \/>\n<input type=\"hidden\" name=\"_wpcf7_posted_data_hash\" value=\"\" \/>\n<input type=\"hidden\" name=\"_wpcf7_recaptcha_response\" value=\"\" \/>\n<\/div>\n<div class=\"row\">\n<div class=\"col-xs-12  col-md-8\">\n<span class=\"wpcf7-form-control-wrap menu-74\"><select name=\"menu-74\" class=\"wpcf7-form-control wpcf7-select wpcf7-validates-as-required demande\" aria-required=\"true\" aria-invalid=\"false\"><option value=\"Quelle est la nature de votre demande ?\">Quelle est la nature de votre demande ?<\/option><option value=\"Demande d\u2019information\">Demande d\u2019information<\/option><option value=\"Proposition de partenariat\">Proposition de partenariat<\/option><option value=\"Autre\">Autre<\/option><\/select><\/span>\n  <\/div>\n<\/div>\n<div class=\"row\">\n<div class=\"col-xs-12  col-md-4\">\n    <span class=\"wpcf7-form-control-wrap nom-prenom\"><input type=\"text\" name=\"nom-prenom\" value=\"\" size=\"40\" class=\"wpcf7-form-control wpcf7-text wpcf7-validates-as-required\" aria-required=\"true\" aria-invalid=\"false\" placeholder=\"Nom &amp; Pr\u00e9nom\" \/><\/span>\n  <\/div>\n<div class=\"col-xs-12  col-md-4\">\n    <span class=\"wpcf7-form-control-wrap your-email\"><input type=\"email\" name=\"your-email\" value=\"\" size=\"40\" class=\"wpcf7-form-control wpcf7-text wpcf7-email wpcf7-validates-as-required wpcf7-validates-as-email\" aria-required=\"true\" aria-invalid=\"false\" placeholder=\"Adresse Mail\" \/><\/span>\n  <\/div>\n<\/div>\n<div class=\"row\">\n<div class=\"col-xs-12  col-md-4\">\n    <span class=\"wpcf7-form-control-wrap your-phone\"><input type=\"tel\" name=\"your-phone\" value=\"\" size=\"40\" class=\"wpcf7-form-control wpcf7-text wpcf7-tel wpcf7-validates-as-required wpcf7-validates-as-tel\" aria-required=\"true\" aria-invalid=\"false\" placeholder=\"T\u00e9l\u00e9phone\" \/><\/span>\n  <\/div>\n<div class=\"col-xs-12  col-md-4\">\n  <span class=\"wpcf7-form-control-wrap Secteurdactivit\"><input type=\"text\" name=\"Secteurdactivit\" value=\"\" size=\"40\" class=\"wpcf7-form-control wpcf7-text wpcf7-validates-as-required\" aria-required=\"true\" aria-invalid=\"false\" placeholder=\"Secteur d&#039;activit\u00e9\" \/><\/span>\n  <\/div>\n<\/div>\n<div class=\"row\"><!--\n<div class=\"col-xs-12  col-md-6\">\n    <label for=\"file\" class=\"contact-file\">Ajouter votre CV<\/label>\n  <\/div>\n<div class=\"col-xs-12  col-md-2\">\n     <span class=\"wpcf7-form-control-wrap file-189\"><input type=\"file\" name=\"file-189\" size=\"40\" class=\"wpcf7-form-control wpcf7-file piece-jointe\" accept=\".pdf\" aria-invalid=\"false\" \/><\/span>\n  <\/div>\n<p>  --><br \/>\n    <span class=\"wpcf7-form-control-wrap your-message\"><textarea name=\"your-message\" cols=\"40\" rows=\"10\" class=\"wpcf7-form-control wpcf7-textarea\" aria-invalid=\"false\" placeholder=\"Message\"><\/textarea><\/span><\/p>\n\n<p>    <input type=\"submit\" value=\"ENVOYER\" class=\"wpcf7-form-control wpcf7-submit btn-cntct btn btn-primary\" \/><\/p>\n<\/div>\n<\/div>\n<div class=\"wpcf7-response-output\" aria-hidden=\"true\"><\/div><\/form><\/div><\/p>\n<\/div><\/div><\/div><\/div><\/div><\/div>","protected":false},"excerpt":{"rendered":"<p>95 boulevard de magenta 75010 Paris T\u00e9l\u00e9phone : 01-87-53-61-50 Mail : contact@price-man.fr Contactez notre \u00e9quipe afin de vous apporter une solution personnalis\u00e9e \u00e0 votre besoin.<\/p>\n","protected":false},"author":1,"featured_media":0,"parent":0,"menu_order":0,"comment_status":"closed","ping_status":"closed","template":"","meta":[],"_links":{"self":[{"href":"https:\/\/price-man.fr\/index.php\/wp-json\/wp\/v2\/pages\/1096"}],"collection":[{"href":"https:\/\/price-man.fr\/index.php\/wp-json\/wp\/v2\/pages"}],"about":[{"href":"https:\/\/price-man.fr\/index.php\/wp-json\/wp\/v2\/types\/page"}],"author":[{"embeddable":true,"href":"https:\/\/price-man.fr\/index.php\/wp-json\/wp\/v2\/users\/1"}],"replies":[{"embeddable":true,"href":"https:\/\/price-man.fr\/index.php\/wp-json\/wp\/v2\/comments?post=1096"}],"version-history":[{"count":6,"href":"https:\/\/price-man.fr\/index.php\/wp-json\/wp\/v2\/pages\/1096\/revisions"}],"predecessor-version":[{"id":1318,"href":"https:\/\/price-man.fr\/index.php\/wp-json\/wp\/v2\/pages\/1096\/revisions\/1318"}],"wp:attachment":[{"href":"https:\/\/price-man.fr\/index.php\/wp-json\/wp\/v2\/media?parent=1096"}],"curies":[{"name":"wp","href":"https:\/\/api.w.org\/{rel}","templated":true}]}}